 t.
8
Suppose -5*c + 104 = -c. Let p = c - -26. Let a = p + 110. Calculate the highest common divisor of a and 18.
18
Suppose -23 = -3*i - 5*t, -5*i + 76 - 21 = 5*t. Suppose 5*u - 2*u + 96 = 0. Let m be (-75)/(-6)*u/(-10). Calculate the highest common divisor of i and m.
8
Let d = 4 - 2. Let n(w) = 3*w - 3. Let f be n(d). Suppose 0 = f*q + 16 - 40. What is the greatest common divisor of q and 32?
8
Let j(y) = -10*y - 1. Let k be j(-1). Let u(q) = 4*q**3 + 2*q**2 - 2*q + 4. Let i be u(3). Let s = i - 88. Calculate the greatest common factor of s and k.
9
Suppose 5*o - 5*n = 515, -3*o + 2*n = o - 416. What is the highest common divisor of 15 and o?
15
Suppose -5*n = -2*y - 214, 2*y + 64 + 62 = 3*n. Let k be (-1)/(-3) + 64/6. Calculate the highest common divisor of n and k.
11
Let h = -2 + 4. Suppose h*i + 6 = 16. Suppose 3*q + 3*x = 6*x + 24, x - 52 = -i*q. Calculate the greatest common factor of 25 and q.
5
Let d = 73 + -55. What is the highest common divisor of 45 and d?
9
Let u(y) be the third derivative of y**5/60 - y**4/12 + 2*y**3/3 + 3*y**2. Let l be u(4). What is the highest common factor of l and 36?
12
Let j be (2/4)/(4 + (-559)/140). Calculate the highest common divisor of j and 10.
10
Let b(q) = q + 2. Let a be b(5). Suppose -7 = 3*z - 4*z. What is the highest common factor of a and z?
7
Suppose -5*k - 1110 = -5*g, -5*k + 436 = 2*g - 3*k. Calculate the highest common divisor of 44 and g.
44
Suppose -65 = 4*r - 9*r + v, 40 = 5*r + 4*v. Let x = 317 + -139. Suppose 5*p - 182 = x. Calculate the greatest common factor of p and r.
12
Let o = -14 + 18. Calculate the highest common factor of o and 20.
4
Let a(l) = 2*l + 3. Let x be a(1). What is the highest common factor of 35 and x?
5
Let q = -60 + 83. What is the highest common factor of 161 and q?
23
Let a(s) = -s + 3. Let l be a(-5). Let z be 8610/135 - 2/(-9). Calculate the greatest common factor of l and z.
8
Let f(z) = z**3 + 3*z - 5. Let c be f(2). Let b = 8 - -1. What is the highest common divisor of c and b?
9
Let q be (-2 - -6)*110/8. Let i = 94 + -89. What is the highest common divisor of q and i?
5
Let u(q) = 8*q**2 - 3*q - 3. Suppose 0 = d + 4*o + 2, -17 = -2*d - 2*o + o. Let g = d + -7. Let k be u(g). Calculate the greatest common divisor of 15 and k.
15
Let w = 9 - -3. Suppose -4*h - 2 - 2 = 0. Let y(o) = -109*o**3 - 2*o**2 - o. Let d be y(h). What is the greatest common divisor of w and d?
12
Let h be (6 + 14/(-2))*(-2 + 1). What is the highest common factor of h and 7?
1
Let k be (-4)/6 + 82/6. Let f(c) = 3*c**2 + 10*c + 5. Suppose 0 = -i - i - 16. Let n be f(i). What is the highest common factor of k and n?
13
Let z(o) = -o**3 - 5*o**2 - 3*o + 4. Let x be z(-4). Let n be (-42)/(-15)*(40 - x). Calculate the greatest common divisor of n and 16.
16
Let w be 2/2 + -6 - 3. Let v = -1 - w. Calculate the highest common divisor of v and 7.
7
Let v = 143 - -65. What is the greatest common factor of v and 16?
16
Suppose 5*b = 40 + 20. Suppose 5*o - 897 + 357 = 0. Calculate the greatest common divisor of b and o.
12
Let n(u) = u**3 - u + 1. Let j be n(2). Suppose -j*s = -2*s + 10. Let w be 12 + (0 - s) - 1. What is the highest common divisor of 52 and w?
13
Suppose -48 = -5*b + 3*b. What is the highest common divisor of b and 8?
8
Suppose 2*h = -h - 3*s - 54, -26 = 2*h + 4*s. Let t = -11 - h. Let c be 974/12 - 2/t. Calculate the greatest common factor of 9 and c.
9
Let v(r) = 5*r**3 - r**2 - 2*r. Suppose l = 3*o - 7, -3*l + 7 = 5*o - 7*l. Let j be v(o). Calculate the highest common divisor of 15 and j.
15
Let b = 35 + -177. Let f be (-6)/15 - b/5. What is the highest common divisor of 308 and f?
28
Let c = -3 - -15. Suppose 4*k = p + 44, 5*k + 2*p = 30 + c. Calculate the greatest common divisor of 40 and k.
10
Let r = -37 - -53. Let l be 8*-6*(1 - 2). What is the greatest common divisor of r and l?
16
Let p = 10 - 3. Suppose -4*m + 123 = 11. Calculate the greatest common divisor of m and p.
7
Let q be 10*(1 - -1 - 1). Let s(n) = n**3 + 11*n**2 - 14*n - 18. Let j be s(-12). Let g be (j - 31)*(-16)/5. Calculate the highest common divisor of q and g.
10
Let x be (-9)/(-12) - 1611/(-12). What is the highest common divisor of 15 and x?
15
Let c be 223/(-4) - (-2)/(-8). Let s be ((-216)/(-7))/((-12)/c). What is the highest common divisor of s and 16?
16
Let u(v) = 6*v**2 - 3*v + 4. Let g be u(3). Let y = g - 0. What is the greatest common factor of y and 7?
7
Let q(c) = 17*c - 76. Let w be q(6). Calculate the highest common factor of 117 and w.
13
Let o be ((-2)/4)/(1/(-8)). Suppose 0 = -4*r + 20, -6*r + o = -2*m - 2*r. Calculate the highest common factor of m and 12.
4
Suppose -q + 8 = 20. Let d be (-75)/10*q/10. Let y be ((-6)/(-8))/(1/108). Calculate the greatest common factor of y and d.
9
Let f be (-2 + -3)*39/(-5). Calculate the highest common factor of f and 26.
13
Let l be (-1728)/176 - 2/11. Let b be 159 + (l/(-2) - 2). What is the greatest common factor of 18 and b?
18
Suppose 5*k + j = 29, 3*k - 4*j = -0*j - 1. Suppose -30 = -k*u + 380. Let r be u/7 - (-2)/7. What is the highest common factor of 84 and r?
12
Let u(d) = -4*d**3 - 3*d**2 - 4*d - 1. Let b be 6*((-12)/(-8) + -2). Let o be u(b). Calculate the greatest common divisor of 23 and o.
23
Let p = -9 + 10. Let l be (-3)/(-18) + 21/(-18). Let w be (-1 + l)*(-42)/p. What is the highest common divisor of w and 12?
12
Suppose 18 = p + p. What is the greatest common divisor of p and 1?
1
Suppose -5*l = 16 - 1, 2*f = -4*l + 148. Suppose -4*p + 61 = -q, -6*p + 5*q + f = -p. Calculate the highest common factor of p and 3.
3
Let r(p) = 2*p**3 - 4*p**2 - 2*p + 8. Let h be r(4). What is the greatest common divisor of 8 and h?
8
Let j be -1 + (4 + -4 - -5). Let k be (-1)/j + 845/52. What is the greatest common factor of 80 and k?
16
Let r(c) be the second derivative of -c**4/12 + c**3/6 + 77*c**2 - 7*c. Let i be r(0). Calculate the highest common divisor of i and 22.
22
Let g be (-1836)/8*(-10)/15. Calculate the greatest common factor of g and 17.
17
Suppose -5*h + 3*h = -22. Calculate the greatest common divisor of 55 and h.
11
Let y = 6 + -3. Suppose 5 + 10 = y*j. Suppose -3*b = 5*d - 3*d - 79, 2*b - 181 = -5*d. What is the highest common divisor of d and j?
5
Let m = -141 + 264. Suppose 0 = -3*i + 7*i + y - m, 3*i - 2*y = 84. What is the highest common divisor of 10 and i?
10
Let r be (-1491)/(-28) + (-3)/(-4). Calculate the highest common divisor of r and 81.
27
Let g(a) = a**2 + 9*a + 18. Let m be g(-8). Calculate the highest common factor of m and 2.
2
Let k be (2 + 0 + -2)/1. Suppose w + 3*z - z = 8, k = 2*z. Calculate the greatest common factor of w and 16.
8
Let v be (6 - (0 + -3)) + 1. Suppose -25 = 5*g - v*g. What is the highest common divisor of g and 10?
5
Let r = -21 - -55. What is the highest common factor of 85 and r?
17
Let u be (4 - 3)/((-4)/(-208)). Let z = -37 + u. Let h be 6/(-9) - (-407)/3. What is the greatest common factor of z and h?
15
Let k(u) = 70*u**2 - u + 1. Let y be k(1). Let i be -3*3/((-9)/4). Suppose -6 = -d - i*z, 21 = d - 5*z + 6. What is the highest common divisor of y and d?
10
Let v(y) = 8*y**2 + 2*y - 1. Let o be v(2). Calculate the highest common factor of o and 14.
7
Let v = 26 - 18. Calculate the highest common factor of v and 16.
8
Let v be (-368)/(-14) - ((-150)/(-35) + -4). Calculate the highest common divisor of v and 130.
26
Let a be -4 + 4 + 22 + 0. Calculate the greatest common factor of 33 and a.
11
Let g be 2/(-5) - 22/(-5). Suppose -4*m = -4*h - h - 580, -5*m - g*h + 766 = 0. Suppose -b + m = b. Calculate the highest common factor of b and 15.
15
Suppose 5*n = -46 + 286. Suppose 3*r + 3*f = -2*r, 0 = -3*r + 2*f. Suppose r = k + 4, -6*p + p - 3*k + n = 0. Calculate the highest common divisor of 6 and p.
6
Suppose -88 = -2*h - 0*h. Let c be (-4)/(-5)*-2*10/(-4). Calculate the greatest common divisor of c and h.
4
Let n(z) = -14*z. Let b be n(-3). Suppose -3*s + 48 + b = 0. Let g = 13 + -8. What is the greatest common factor of g and s?
5
Let a(j) be the first derivative of 4*j**3/3 - j**2/2 - j - 2. Let s be a(-1). Suppose 0 = -9*h + 6*h + 18. What is the greatest common factor of h and s?
2
Let t be 1 + (16 - 0/3). What is the greatest common factor of t and 136?
17
Let u = 1 + -